{"id":1543,"date":"2025-01-15T16:46:25","date_gmt":"2025-01-15T15:46:25","guid":{"rendered":"https:\/\/www.nmskrumbach.ac.at\/wordpress\/?page_id=1543"},"modified":"2026-02-11T18:29:26","modified_gmt":"2026-02-11T17:29:26","slug":"jaenner-2025","status":"publish","type":"page","link":"https:\/\/www.nmskrumbach.ac.at\/wordpress\/jaenner-2025\/","title":{"rendered":"J\u00e4nner 2026"},"content":{"rendered":"<p><a href=\"https:\/\/www.nmskrumbach.ac.at\/wordpress\/2026\/02\/11\/uebernachtung-der-smileyklasse\/\">\u00dcbernachtung der Smileyklasse<\/a><\/p>\n<p><a href=\"https:\/\/www.nmskrumbach.ac.at\/wordpress\/2026\/02\/11\/kochen-mit-den-profis\/\">Kochen mit den Profis<\/a><\/p>\n<p><a href=\"https:\/\/www.nmskrumbach.ac.at\/wordpress\/2026\/02\/11\/holz-farbe-und-kreativitaet\/\">Holz, Farbe und Kreativit\u00e4t<\/a><\/p>\n<p><a href=\"https:\/\/www.nmskrumbach.ac.at\/wordpress\/2026\/01\/29\/spendenuebergabe-fa-lackner\/\">Spenden\u00fcbergabe Fa. Lackner<\/a><\/p>\n<p><a href=\"https:\/\/www.nmskrumbach.ac.at\/wordpress\/2026\/01\/29\/winterspass\/\">Winterspa\u00df<\/a><\/p>\n<p><a href=\"https:\/\/www.nmskrumbach.ac.at\/wordpress\/2026\/01\/26\/school-of-walk-2026\/\">School of walk 2026<\/a><\/p>\n<p><a href=\"https:\/\/www.nmskrumbach.ac.at\/wordpress\/2026\/01\/22\/pionierpreis-an-nms-krumbach-verliehen\/\">Pionierpreis an NMS Krumbach verliehen<\/a><\/p>\n<p><a href=\"https:\/\/www.nmskrumbach.ac.at\/wordpress\/2026\/01\/20\/faszinierende-experimente-mit-trockeneis\/\">Faszinierende Experimente mit Trockeneis<\/a><\/p>\n<p><a href=\"https:\/\/www.nmskrumbach.ac.at\/wordpress\/2026\/01\/14\/kochen-mit-der-bva\/\">Kochen mit der PV Hochegg<\/a><\/p>\n","protected":false},"excerpt":{"rendered":"<p>\u00dcbernachtung der Smileyklasse Kochen mit den Profis Holz, Farbe und Kreativit\u00e4t Spenden\u00fcbergabe Fa. Lackner Winterspa\u00df School of walk 2026 Pionierpreis an NMS Krumbach verliehen Faszinierende Experimente mit Trockeneis Kochen mit der PV Hochegg<\/p>\n","protected":false},"author":1,"featured_media":0,"parent":0,"menu_order":0,"comment_status":"closed","ping_status":"closed","template":"","meta":{"footnotes":""},"class_list":["post-1543","page","type-page","status-publish","hentry"],"_links":{"self":[{"href":"https:\/\/www.nmskrumbach.ac.at\/wordpress\/wp-json\/wp\/v2\/pages\/1543","targetHints":{"allow":["GET"]}}],"collection":[{"href":"https:\/\/www.nmskrumbach.ac.at\/wordpress\/wp-json\/wp\/v2\/pages"}],"about":[{"href":"https:\/\/www.nmskrumbach.ac.at\/wordpress\/wp-json\/wp\/v2\/types\/page"}],"author":[{"embeddable":true,"href":"https:\/\/www.nmskrumbach.ac.at\/wordpress\/wp-json\/wp\/v2\/users\/1"}],"replies":[{"embeddable":true,"href":"https:\/\/www.nmskrumbach.ac.at\/wordpress\/wp-json\/wp\/v2\/comments?post=1543"}],"version-history":[{"count":14,"href":"https:\/\/www.nmskrumbach.ac.at\/wordpress\/wp-json\/wp\/v2\/pages\/1543\/revisions"}],"predecessor-version":[{"id":2485,"href":"https:\/\/www.nmskrumbach.ac.at\/wordpress\/wp-json\/wp\/v2\/pages\/1543\/revisions\/2485"}],"wp:attachment":[{"href":"https:\/\/www.nmskrumbach.ac.at\/wordpress\/wp-json\/wp\/v2\/media?parent=1543"}],"curies":[{"name":"wp","href":"https:\/\/api.w.org\/{rel}","templated":true}]}}